{"id":826,"date":"2021-05-22T23:06:35","date_gmt":"2021-05-22T21:06:35","guid":{"rendered":"https:\/\/sp310.ursynow.warszawa.pl\/?page_id=826"},"modified":"2021-05-25T21:05:43","modified_gmt":"2021-05-25T19:05:43","slug":"patron-szkoly","status":"publish","type":"page","link":"https:\/\/sp310.ursynow.warszawa.pl\/index.php\/patron-szkoly\/","title":{"rendered":"Patron szko\u0142y"},"content":{"rendered":"<p>[vc_row][vc_column][vc_column_text]&nbsp;<\/p>\n<h4 style=\"text-align: center;\">Micha\u0142 Bylina<\/h4>\n<p><strong>Nasz patron urodzi\u0142 si\u0119 18 I 1904 r. w Wors\u00f3wce pod Malinem, na Ukrainie. Ju\u017c w latach ch\u0142opi\u0119cych \u017cywo interesowa\u0142 si\u0119 histori\u0105 Polski, szczeg\u00f3lnie za\u015b histori\u0105 wojska polskiego. Urodzony na obczy\u017anie uczy\u0142 si\u0119 w rosyjskich szko\u0142ach, a wi\u0119c ojczyste dzieje poznawa\u0142 z domowych opowie\u015bci, czytaj\u0105c ksi\u0105\u017cki i ogl\u0105daj\u0105c reprodukcje obraz\u00f3w wielkich mistrz\u00f3w p\u0119dzla: Jana Matejki, Juliusza i Wojciecha Kossak\u00f3w.<br \/>\n<\/strong><br \/>\nPo pierwszej wojnie \u015bwiatowej, w 1921 roku, Micha\u0142 Bylina przyjecha\u0142 do Warszawy i podj\u0105\u0142 studia malarskie i graficzne w Szkole Sztuk Pi\u0119knych. Tu r\u00f3wnie\u017c pe\u0142ni\u0142 s\u0142u\u017cb\u0119 wojskow\u0105 w l Pu\u0142ku Szwole\u017cer\u00f3w. Jak przysta\u0142o na malarza batalist\u0119, \u017co\u0142niersk\u0105 praktyk\u0119 odbywa\u0142 wi\u0119c w kawalerii. Histori\u0119 wojska, dawnej broni, mundur\u00f3w, poznawa\u0142 studiuj\u0105c zbiory Muzeum Wojska Polskiego. Po uzyskaniu dyplomu Szko\u0142y Sztuk Pi\u0119knych zacz\u0105\u0142 tworzy\u0107 pierwsze wielkie kompozycje historyczne, a r\u00f3wnocze\u015bnie rozpocz\u0105\u0142 wsp\u00f3\u0142prac\u0119 z Instytutem Wydawniczym \u201eNasza Ksi\u0119garnia&#8221; oraz z redakcjami \u201eP\u0142omyczka&#8221; i \u201eP\u0142omyka&#8221;,wykonuj\u0105c ilustracje do ksi\u0105\u017cek i czasopism dla dzieci.<\/p>\n<p>&nbsp;<\/p>\n<p>&nbsp;<\/p>\n<p><img loading=\"lazy\" decoding=\"async\" class=\"aligncenter\" src=\"https:\/\/sp310.ursynow.warszawa.pl\/wp-content\/uploads\/2021\/05\/bylina-kalewala_2-768x678-1.jpg\" alt=\"bylina kalewala 2 768x678\" width=\"542\" height=\"478\" \/><\/p>\n<p align=\"justify\">Podczas II wojny \u015bwiatowej porucznik Micha\u0142 Bylina bra\u0142 czynny udzia\u0142 w walkach. W boju pod Chorzelami (niedaleko M\u0142awy) zosta\u0142 ranny, a unikn\u0105wszy niewoli, przyst\u0105pi\u0142 do Zwi\u0105zku Walki Zbrojnej. Przez ca\u0142\u0105 wojn\u0119 pe\u0142ni\u0142 konspiracyjn\u0105 s\u0142u\u017cb\u0119 w Armii Krajowej. Bra\u0142 tak\u017ce udzia\u0142 w Powstaniu Warszawskim, odnosz\u0105c ci\u0119\u017ckie rany podczas walk na Mokotowie.<\/p>\n<p align=\"justify\">Zaraz powojnie, w zburzonej Warszawie, ponownie rozpocz\u0105\u0142 prac\u0119 w organizuj\u0105cym si\u0119 na nowo Instytucie Wydawniczym \u201eNasza Ksi\u0119garnia&#8221;. Podj\u0105\u0142 si\u0119 tak\u017ce prowadzenia wyk\u0142ad\u00f3w jako profesor Akademii Sztuk Pi\u0119knych.<\/p>\n<p><strong><img loading=\"lazy\" decoding=\"async\" class=\"aligncenter\" src=\"https:\/\/sp310.ursynow.warszawa.pl\/wp-content\/uploads\/2021\/05\/057-Micha-Bylina.jpeg\" alt=\"057 Micha Bylina\" width=\"156\" height=\"218\" \/><\/strong><\/p>\n<p>&nbsp;<\/p>\n<p align=\"justify\">Po 1950 roku rozpocz\u0105\u0142 si\u0119 najwa\u017cniejszy okres tw\u00f3rczo\u015bci malarskiej Micha\u0142a Byliny. W jego pracowni powstawa\u0142y coraz to nowe obrazy, ukazuj\u0105ce tysi\u0105cletni\u0105 tradycj\u0119 or\u0119\u017ca polskiego &#8211; od czas\u00f3w pierwszych Piast\u00f3w a\u017c po II wojn\u0119 \u015bwiatow\u0105. Powstawa\u0142y wielkie kompozycje malarskie, a tak\u017ce ilustracje do legend i ba\u015bni oraz cykl ilustracji historycznych. Wiele z nich trafi\u0142o do ksi\u0105\u017cek i czasopism dzieci\u0119cych, do szkolnych podr\u0119cznik\u00f3w, pomagaj\u0105c uczniom m\u0142odszych klas w poznawaniu ojczystych dziej\u00f3w.<\/p>\n<p align=\"justify\">Dzie\u0142a malarskie Micha\u0142a Byliny zdobi\u0105 dzi\u015b sale Muzeum Wojska Polskiego, Muzeum Narodowego oraz Muzeum Historii Polskiego Ruchu Rewolucyjnego w Warszawie. Micha\u0142 Bylina &#8211; i jako artysta, i jako \u017co\u0142nierz &#8211; dobrze zas\u0142u\u017cy\u0142 si\u0119 ojczy\u017anie. Wzbogacaniu wiedzy o historii Polski po\u015bwi\u0119ci\u0142 ca\u0142y sw\u00f3j talent i wiele lat pracy. A gdy podczas wojny trzeba by\u0142o stan\u0105\u0107 w obronie ojczyzny, znalaz\u0142 si\u0119 w pierwszym szeregu walcz\u0105cych \u2014 jak ci dawni obro\u0144cy Rzeczypospolitej, kt\u00f3rych pami\u0119\u0107 utrwala\u0142 na swoich obrazach.<\/p>\n<p align=\"center\"><img loading=\"lazy\" decoding=\"async\" class=\"\" src=\"https:\/\/sp310.ursynow.warszawa.pl\/wp-content\/uploads\/2021\/05\/bylina2.png\" alt=\"bylina\" width=\"384\" height=\"315\" \/><\/p>\n<p align=\"center\">Portret Micha\u0142a Byliny.<br \/>\nDar artysty Ludwika Maci\u0105ga dla Szko\u0142y Podstawowej nr 310.<\/p>\n<p align=\"center\"><img loading=\"lazy\" decoding=\"async\" src=\"https:\/\/sp310.ursynow.warszawa.pl\/wp-content\/uploads\/2021\/05\/056-Na-wystawie-Wydziau-Malarstwa.-Od-lewej-Ludwik-Macig-Micha-Bylina-i-Jan-Betley.jpeg\" alt=\"056 Na wystawie Wydzia\u0142 Malarstwa. Od lewej Ludwik Maci\u0105g Micha Bylina i Jan Betley\" width=\"687\" height=\"486\" \/><\/p>\n<p align=\"center\">Micha\u0142 Bylina (w \u015brodku) na wystawie na Wydziale Malarstwa z Ludwikiem Maci\u0105giem i Janem Betleyem.<\/p>\n<h3 style=\"text-align: center;\">WYBRANE DZIE\u0141A MICHA\u0141A BYLINY<\/h3>\n<ul>\n<li style=\"list-style-type: none;\">\n<ul>\n<li>1952 &#8211; Komuna Paryska (olej, 142 X 205 cm) w zb. MWP.<\/li>\n<li>1953 &#8211; Lenino (olej, 141 X 210 cm), w zb. w ZSRR; replika w zb. MWP.<\/li>\n<li>1954 &#8211; Czerwony Pu\u0142k Warszawy (olej, 141 X 210 cm), w zb. MWP.<\/li>\n<li>1956 &#8211; 2.Y.1945 w Berlinie (olej, 140 X 200cm), w zb. w ZSRR.<\/li>\n<li>1956\/59 &#8211; Prace z cyklu ilustracji do dziej\u00f3w Polski (mal. temper\u0105 w form. 14 X 16 lub 23 X 16 cm).<\/li>\n<li>1959 &#8211; Wrzesie\u0144 (olej, 140 X 200 cm), w zb. MWP.<\/li>\n<li>1961 &#8211; Legnica (tempera, 47 X 63 cm), w zb. MWP.<\/li>\n<li>1962 &#8211; Bitwa pod Sans Souci (tempera, 140 X 200 cm) w zb. Muz. PPR.<\/li>\n<li>1963 &#8211; Nysa (tempera, 140 X 200 cm), w zb.MWP.<\/li>\n<li>1965 &#8211; Ko\u0142obrzeg (olej, 100 X 128 cm), w zb. MWP.<\/li>\n<li>1965 &#8211; Bia\u0142ystok 1905 r. (tempera, 140 X 200cm), w zb. Muz. PPR.<\/li>\n<li>1966 &#8211; Mieszka na cedy\u0144skich wzg\u00f3rzach (olej,54 X 65 cm), w zb. MWP.<\/li>\n<li>1968 &#8211; Cedynia (olej, 54 X 65 cm), w zb. MWP.<\/li>\n<li>1968 &#8211; Odra (olej, 140 X 200 cm), w zb. MWP.<\/li>\n<li>1972 &#8211; Bitwa nad Bzur\u0105 &#8211; W\u00f3lka W\u0119glowa(olej, 90 X 120 cm), w zb. MWP.<\/li>\n<li>1973 &#8211; Goniec do le\u015bnych (olej, 138 X 172cm), w zb. MWP.<\/li>\n<li>1974 &#8211; Gda\u0144sk (olej, 138 X 172 cm), w zb. MWP.<\/li>\n<li>1976 &#8211; Ko\u015bciuszko -pod Saratog\u0105 (olej, 90 X 120 cm), w zb. MWP.<\/li>\n<li>1977 &#8211; Portret Jaroslawa D\u0105browskiego (olej,120 X 90 cm), w zb. MWP.<\/li>\n<\/ul>\n<\/li>\n<\/ul>\n<table border=\"0\" cellpadding=\"5\">\n<tbody>\n<tr>\n<td>\n<p align=\"center\"><img loading=\"lazy\" decoding=\"async\" class=\"\" src=\"https:\/\/sp310.ursynow.warszawa.pl\/wp-content\/uploads\/2021\/05\/sztaluga-i-paleta3.jpg\" alt=\"sztaluga i paleta\" width=\"360\" height=\"480\" \/><\/p>\n<\/td>\n<td><strong>Sztaluga i paleta Micha\u0142a Byliny (orygina\u0142y)<\/strong><\/td>\n<\/tr>\n<tr>\n<td>\n<p align=\"center\"><img loading=\"lazy\" decoding=\"async\" class=\"\" src=\"https:\/\/sp310.ursynow.warszawa.pl\/wp-content\/uploads\/2021\/05\/bylina_boleslawowa_druzyna.jpg\" alt=\"bylina boleslawowa druzyna\" width=\"361\" height=\"292\" \/><\/p>\n<\/td>\n<td><strong>Boles\u0142awowa dru\u017cyna, olej<\/strong><\/td>\n<\/tr>\n<tr>\n<td>\n<p align=\"center\"><img loading=\"lazy\" decoding=\"async\" src=\"https:\/\/sp310.ursynow.warszawa.pl\/wp-content\/uploads\/2021\/05\/bitwa-na-psim-polu.jpg\" alt=\"bitwa na psim polu\" width=\"369\" height=\"221\" \/><\/p>\n<\/td>\n<td><strong>Bitwa na Psim Polu<br \/>\n<\/strong><\/td>\n<\/tr>\n<tr>\n<td><img loading=\"lazy\" decoding=\"async\" src=\"https:\/\/sp310.ursynow.warszawa.pl\/wp-content\/uploads\/2021\/05\/lenino-bylina.png\" alt=\"lenino bylina\" width=\"373\" height=\"272\" \/><\/td>\n<td><strong>Lenino<\/strong><\/td>\n<\/tr>\n<tr>\n<td>\n<p align=\"center\"><img loading=\"lazy\" decoding=\"async\" src=\"https:\/\/sp310.ursynow.warszawa.pl\/wp-content\/uploads\/2021\/05\/ostatnia-szarza-kawalerii-polskiej.png\" alt=\"ostatnia szarza kawalerii polskiej\" width=\"376\" height=\"279\" \/><\/p>\n<\/td>\n<td><strong>Ostatnia szar\u017ca kawalerii polskiej<\/strong><\/td>\n<\/tr>\n<\/tbody>\n<\/table>\n<p>[\/vc_column_text][\/vc_column][\/vc_row]<\/p>\n","protected":false},"excerpt":{"rendered":"<p>[vc_row][vc_column][vc_column_text]&nbsp; Micha\u0142 Bylina Nasz patron urodzi\u0142 si\u0119 18 I 1904 r. w Wors\u00f3wce pod Malinem, na Ukrainie. Ju\u017c w latach ch\u0142opi\u0119cych \u017cywo interesowa\u0142 si\u0119 histori\u0105 Polski,<span class=\"excerpt-hellip\"> [\u2026]<\/span><\/p>\n","protected":false},"author":2,"featured_media":0,"parent":0,"menu_order":0,"comment_status":"closed","ping_status":"closed","template":"","meta":{"footnotes":""},"class_list":["post-826","page","type-page","status-publish","hentry"],"_links":{"self":[{"href":"https:\/\/sp310.ursynow.warszawa.pl\/index.php\/wp-json\/wp\/v2\/pages\/826","targetHints":{"allow":["GET"]}}],"collection":[{"href":"https:\/\/sp310.ursynow.warszawa.pl\/index.php\/wp-json\/wp\/v2\/pages"}],"about":[{"href":"https:\/\/sp310.ursynow.warszawa.pl\/index.php\/wp-json\/wp\/v2\/types\/page"}],"author":[{"embeddable":true,"href":"https:\/\/sp310.ursynow.warszawa.pl\/index.php\/wp-json\/wp\/v2\/users\/2"}],"replies":[{"embeddable":true,"href":"https:\/\/sp310.ursynow.warszawa.pl\/index.php\/wp-json\/wp\/v2\/comments?post=826"}],"version-history":[{"count":3,"href":"https:\/\/sp310.ursynow.warszawa.pl\/index.php\/wp-json\/wp\/v2\/pages\/826\/revisions"}],"predecessor-version":[{"id":1423,"href":"https:\/\/sp310.ursynow.warszawa.pl\/index.php\/wp-json\/wp\/v2\/pages\/826\/revisions\/1423"}],"wp:attachment":[{"href":"https:\/\/sp310.ursynow.warszawa.pl\/index.php\/wp-json\/wp\/v2\/media?parent=826"}],"curies":[{"name":"wp","href":"https:\/\/api.w.org\/{rel}","templated":true}]}}